List the prime factors of i.
37
List the prime factors of ((-28)/10)/((-1)/65).
2, 7, 13
Suppose -b = 3*t - 237, -2*t = 5*b - 1319 + 160. What are the prime factors of b?
3, 7, 11
Suppose 4 - 49 = -5*g. Suppose -5*h - 24 = -h. Let s = h + g. List the prime factors of s.
3
Let w(v) = -v**3 - 3*v**2 + 2*v + 1. What are the prime factors of w(-4)?
3
Suppose -5*j - f - 2*f = 3, -26 = 2*j - 5*f. What are the prime factors of ((j - -2) + 16)/1?
3, 5
List the prime factors of 71*(-1 + 0 + 2).
71
Let h = 57 + -27. List the prime factors of h.
2, 3, 5
What are the prime factors of (-6)/(-8) + 437/4 + -4?
2, 53
Suppose 3*w - 9 = 0, -1 = 6*h - 2*h - 3*w. What are the prime factors of 6/h - (-2 - 2)?
7
Let l(y) = 4*y**2 - 4*y + 2. Let a be l(2). Let b = -5 + a. What are the prime factors of b?
5
Let u = -1 - -1. Suppose -5*a + 11 + 4 = u. List the prime factors of a.
3
Let v = 6 - 6. Suppose v = -2*r + 3 + 5. Let j(t) = t**3 - 4*t**2 + 2*t + 5. What are the prime factors of j(r)?
13
Let q = 33 - -114. Suppose -39 = 4*s - q. Let n = s - 16. What are the prime factors of n?
11
Let k(h) = h**3 - 10*h**2 - 2*h - 11. Let f be k(11). Suppose -5*g = -f + 28. List the prime factors of g.
2, 3
Suppose 0 = -3*m + 7 + 8. Suppose 3*d = 4*u + 72, 3*d - 46 - 53 = -m*u. Let b = d - 17. What are the prime factors of b?
11
Let h = -51 + 170. What are the prime factors of h?
7, 17
Let x = -4 + 6. List the prime factors of x/(-7) + 65/7.
3
Let i = 4 + 2. Let p = -13 - -23. Suppose -q + i*q - p = 0. What are the prime factors of q?
2
Suppose 13*w - 483 = 193. List the prime factors of w.
2, 13
Let w be (-441)/15 + 4/10. Let y = 53 + w. List the prime factors of y.
2, 3
Let b be (-10)/(-8) - (-2)/(-8). Let v be -2 - b - -1*1. Let l = v + 5. List the prime factors of l.
3
Let u = 6 - -4. Suppose 5*q = 4*q + u. What are the prime factors of q?
2, 5
Let a = -57 - -21. List the prime factors of 1*(a/3)/(-2).
2, 3
Let v = -3 + 3. Suppose v = -3*l - 0 + 9. Suppose -l*f + 0 = 3, 4*y - 2*f - 10 = 0. What are the prime factors of y?
2
Let n(t) = t**3 - 6*t**2 - 9*t + 6. Let z be n(8). Suppose 5*a - 2*r = z, 2*a - 3*r = -3*a + 58. List the prime factors of a.
2, 7
Let z = -152 + 225. What are the prime factors of z?
73
Suppose 0 = -0*d + 3*d - 54. Suppose 4*o - d = -3*w, -33 = -w - 2*w + o. What are the prime factors of w?
2, 5
Suppose -5*o + 30 = -0*o. Suppose s = -3*s + 16. Suppose 4 = a - b + o*b, -s*a + 16 = -b. What are the prime factors of a?
2
Let s be 63/6 - (-9)/6. Let q be ((-30)/s)/(1/(-2)). Suppose -7*t = -q*t - 6. What are the prime factors of t?
3
Let z = -2 + 5. Suppose -z*j + 0*j + 27 = 4*r, -5*r = 3*j - 30. What are the prime factors of r?
3
What are the prime factors of 1*(2 + 294)/4*2?
2, 37
Suppose 0 = -5*i + 5*j + 60 + 140, i - 55 = -2*j. Let r be (-3)/(0 - 3/4). Suppose -r*y + i = y. List the prime factors of y.
3
Let c(p) = 45*p - 27. What are the prime factors of c(3)?
2, 3
Let d(l) = 7*l**3 - 3*l**2 - 3*l. List the prime factors of d(3).
3, 17
Let k = -67 - -43. Let t = -13 - k. List the prime factors of t.
11
Suppose 30 = 4*f + f. Let m be (2 - -1)/(f/8). Let c(d) = -d**3 + 3*d**2 + 6*d - 4. What are the prime factors of c(m)?
2
Suppose -3 = -2*t + 5, 2*t = -2*z + 16. Let a be (1 - -1) + (z - 6). Suppose a = 3*k - 2*k - 7. What are the prime factors of k?
7
Suppose -3*b = 3*w - 138, -b + 5*w = 3*w - 61. What are the prime factors of b?
3, 17
Let m(w) = w - 1. Let c(b) = 7*b. Let a(l) = -c(l) + 4*m(l). List the prime factors of a(-4).
2
Suppose -q = q - 5*p, 0 = -4*q - 3*p + 26. Suppose 0 = 2*n + 4, y + y = -q*n. List the prime factors of y.
5
Let b = 1 + 1. Suppose 2*x = -b*x + 44. What are the prime factors of x?
11
Let d(q) = -q**2 + 16*q + 6. Let r be d(13). Let w = r - 6. List the prime factors of w.
3, 13
Let g be 3465/81 - 2/(-9). Suppose -2*s + 0*z = -3*z - g, -3*s + 66 = -4*z. What are the prime factors of s?
2, 13
Suppose 64 = -0*u + 4*u. Suppose 4*b + 40 = 5*g, 2*g - 5*b - u = -3*b. What are the prime factors of g?
2
Let o(i) = -i - 1. What are the prime factors of o(-4)?
3
Suppose b - 12 = 3. Let x be (12/b)/((-2)/(-5)). Let a = 9 + x. What are the prime factors of a?
11
Suppose -1 = 5*i - 6. Let f = i + 2. Suppose 0 = 2*w - f*w + 9. What are the prime factors of w?
3
Let x = 2 + 9. Let r = 35 - x. What are the prime factors of r?
2, 3
Let g(x) = -x**3 + 2*x**2 + 4*x. Let d be g(3). Suppose -20 = -w + l, d*w + 4*l - 43 - 10 = 0. What are the prime factors of w?
19
Let g = 11 + 1. Suppose 3*j - 6 = g. What are the prime factors of j?
2, 3
Suppose -5 - 3 = -j + 3*a, 5*a + 10 = j. List the prime factors of j.
5
Let s(z) = 23*z**3 - z**2 + 2*z - 1. List the prime factors of s(1).
23
Let p(w) = 4*w - 3. Let a be p(3). Let o(v) = -v**3 + 8*v**2 + 11*v - 5. List the prime factors of o(a).
13
Let p be 4/(0 + 2) - 0. Suppose -j + 81 = 2*j + x, -2*x + 54 = p*j. What are the prime factors of j?
3
Suppose -3*m = 4*x - 23, -2 = -3*m - 5*x + 23. List the prime factors of m.
5
Let v be (-6)/(-2) + 3/(-1). Suppose -2*x = -v*x - 4*u - 12, -5*u = x - 41. What are the prime factors of x?
2
Suppose -l + 25 = -4. List the prime factors of l.
29
Let t be 16 - (1 - (2 + -3)). Let h = -2 + t. What are the prime factors of 100/h - (-1)/(-3)?
2
Let q = -4 - 0. Let c = -3 - q. Let o = c - -21. What are the prime factors of o?
2, 11
Suppose 9*y - 5*y - 4 = 0. Let j be -1 + 4 - (-4 + y). What are the prime factors of 10/8 - j/(-8)?
2
Suppose -3*b = -5*b + 92. What are the prime factors of b?
2, 23
Suppose -4*d - 13 = -o, -129 = o - 6*o + 4*d. Let q = o + -17. What are the prime factors of q?
2, 3
Let v = 2 - -1. Suppose 0 = -5*l + 17 + v. List the prime factors of l.
2
Suppose -21 = 5*z + 29. Let b = 13 + z. List the prime factors of b.
3
Suppose -3*d - 1 = -10. Suppose -d*z + 15 = -33. List the prime factors of z.
2
Let z(k) = -12*k + 4. Let w be z(-4). Suppose 3*f = -f - w. Let p = 20 + f. List the prime factors of p.
7
Let j = -34 - -51. Let d = j + -4. List the prime factors of d.
13
Let u(q) = q**3 + 5*q**2 + 4*q + 2. Let c be (-40)/15*3/2. Let o be u(c). Suppose -o*j = -3*j + 12. List the prime factors of j.
2, 3
Suppose v = 4*v + 174. What are the prime factors of (-6)/27 - v/18?
3
Suppose c = -z + 4, 3*z = -0*z + 3. Let q(r) = 13*r - 3. Let k be q(c). List the prime factors of k/3 + -1 + -2.
3
Suppose 78 + 41 = w. What are the prime factors of w?
7, 17
Let a(h) be the second derivative of -5*h**3/3 + 7*h**2/2 + 5*h. List the prime factors of a(-3).
37
Suppose 0 = -0*u - 3*u + 156. What are the prime factors of u?
2, 13
Let l be 6*2/(3 - 9). Let k = l - -19. What are the prime factors of k?
17
Let r(f) = f**2 + 5*f - 10. Let w be r(-7). Let a = w - -2. List the prime factors of a.
2, 3
Let l(d) = -d - 8. Let w be l(-10). Suppose b - w = 3*b. List the prime factors of ((-2)/(-3) + b)*-27.
3
Suppose w = -2*w + 9. Suppose -w*g = g - 56. List the prime factors of g.
2, 7
Let h be (4/10)/(6/30). Suppose 2*t + 5*z - 18 = 0, 5*t + 0*z + h*z - 45 = 0. What are the prime factors of t?
3
Suppose -325*n + 322*n = -936. What are the prime factors of n?
2, 3, 13
Let v(d) be the third derivative of -1/6*d**3 + 2*d**2 + 0 - 1/120*d**6 + 0*d + 1/24*d**4 + 1/20*d**5. What are the prime factors of v(3)?
2
Let u = -7 + 14. Suppose -5*k - u = -2*a + 1, 5*a = -4*k + 86. Suppose -21 = -5*i + a. List the prime factors of i.
7
Suppose -217 + 1237 = 6*j. What are the prime factors of j?
2, 5, 17
What are the prime factors of (47 - -4)*(-1 - 14/(-3))?
11, 17
Let p(d) = -2*d - 4. Let m be p(-9). Suppose 3*x - m = x. Let f = x + -1. What are the prime factors of f?
2, 3
Suppose 2*u + 2*s = s + 196, -s - 404 = -4*u. Suppose 2*i + 3*i = u. List the prime factors of i.
2, 5
Let f(m) = -m + 4. Let l be f(2). Suppose -q + 7 = -l*q. Let w = -3 - q. What are the prime factors of w?
2
Let h be (-3)/(-6) - (-21)/(-6). Let d be (1/2)/(h/42). Let x = -1 - d. List the prime factors of x.
2, 3
Suppose -b - b + 92 = 0. List the prime factors of b.
2, 23
Let d(i) = -i**3 + 6*i**2 + 2*i + 4. Let z be d(6). Suppose 0 = p + 3*p - z. What are the prime factors of p?
2
Let u(o) = 16*o**2 - o. Let h be u(1). Suppose -2*z = 3*n + 5 - 2, -3*z + h = -2*n. What are the prime factors of z?
3
Let a = 13 - -45. Suppose 3